ghest common divisor of 4940 and 2372320?
20
Calculate the highest common factor of 6303 and 11519783.
2101
Calculate the greatest common divisor of 71205 and 52625040.
1515
What is the highest common factor of 11143473 and 66?
33
Calculate the highest common divisor of 42195 and 40890.
435
What is the highest common factor of 7923 and 2696461?
2641
Calculate the highest common divisor of 12803563 and 1569.
523
Calculate the highest common factor of 588 and 21691761.
147
Calculate the highest common divisor of 19088399 and 34.
17
Calculate the highest common factor of 9447317 and 242.
121
Calculate the greatest common divisor of 51363833 and 277.
277
What is the greatest common divisor of 78 and 11479065?
39
Calculate the greatest common factor of 19260 and 141600.
60
Calculate the greatest common factor of 2 and 16935053.
1
Calculate the highest common divisor of 35425 and 9103135.
545
Calculate the greatest common factor of 13 and 9013056.
13
What is the greatest common divisor of 52845 and 10760055?
4065
Calculate the greatest common factor of 1932 and 1414231.
7
What is the greatest common factor of 45503350 and 13950?
1550
Calculate the greatest common factor of 270 and 279003042.
54
What is the greatest common factor of 83481318 and 54?
18
Calculate the greatest common factor of 241862 and 7936.
62
Calculate the greatest common factor of 666586 and 85054.
1978
What is the highest common factor of 25714 and 1171664?
1118
Calculate the greatest common divisor of 440360292 and 48.
12
What is the highest common factor of 20514 and 163236736?
6838
Calculate the highest common factor of 160 and 795232.
32
Calculate the greatest common divisor of 8246 and 15841.
217
What is the greatest common divisor of 6295393 and 1378?
689
What is the greatest common divisor of 703 and 39410883?
703
What is the greatest common divisor of 23096078 and 4648?
166
What is the highest common divisor of 1002518 and 2178?
22
Calculate the greatest common divisor of 18 and 48350538.
18
Calculate the highest common factor of 125656 and 91184.
1112
Calculate the greatest common factor of 19048 and 11512.
8
What is the greatest common factor of 245703 and 5631?
3
Calculate the highest common factor of 279917883 and 27.
27
What is the greatest common divisor of 6528 and 6947456?
128
What is the greatest common factor of 20541 and 2167383?
123
What is the greatest common factor of 46501 and 737646?
637
What is the greatest common divisor of 4720 and 547880?
40
Calculate the highest common factor of 255277 and 125488.
253
What is the highest common factor of 324850669 and 143?
143
Calculate the greatest common factor of 1631808 and 158400.
576
Calculate the highest common divisor of 138 and 45761214.
138
What is the highest common divisor of 7962560 and 11072?
64
What is the highest common factor of 1142594 and 368?
46
Calculate the highest common factor of 75177 and 405.
9
Calculate the highest common factor of 1481515 and 245.
245
What is the highest common factor of 395802 and 55910031?
5997
Calculate the highest common divisor of 376880 and 640.
80
What is the greatest common factor of 7124 and 5826314?
26
What is the greatest common factor of 724 and 10570943?
181
What is the greatest common factor of 521279310 and 15?
15
Calculate the greatest common factor of 547428 and 1695351.
2793
What is the greatest common divisor of 8 and 398353?
1
What is the greatest common divisor of 303 and 638115879?
303
What is the highest common factor of 93 and 572446?
31
What is the greatest common divisor of 505764 and 877282?
3122
What is the greatest common factor of 421531493 and 579?
193
What is the greatest common divisor of 853292 and 43747?
451
Calculate the greatest common factor of 105133033 and 29.
29
Calculate the greatest common divisor of 171 and 14796864.
9
What is the greatest common divisor of 46410 and 7718750?
130
What is the highest common divisor of 744 and 882553818?
186
Calculate the greatest common factor of 101 and 7420268.
101
Calculate the greatest common divisor of 226206904 and 616.
616
Calculate the greatest common divisor of 38734160 and 15960.
760
Calculate the greatest common factor of 144 and 3682809360.
144
Calculate the highest common divisor of 40795100 and 4324.
92
What is the highest common factor of 3977 and 14289555?
97
Calculate the highest common factor of 2788 and 21597242.
1394
What is the highest common divisor of 2059779430 and 1374?
458
What is the greatest common divisor of 29 and 64815899?
29
What is the greatest common divisor of 147699 and 43857?
9
Calculate the greatest common divisor of 4544811 and 45.
9
What is the highest common factor of 251972 and 805?
7
Calculate the highest common divisor of 30 and 52694230.
10
Calculate the highest common divisor of 3856 and 993792.
16
Calculate the greatest common factor of 225444834 and 5766.
5766
What is the highest common divisor of 15 and 269219?
1
Calculate the highest common divisor of 25991 and 1385419.
329
Calculate the highest common divisor of 46039412 and 172.
172
Calculate the highest common factor of 2574 and 513630.
234
Calculate the highest common factor of 213000 and 127950.
150
What is the greatest common divisor of 5350223 and 68?
17
Calculate the greatest common divisor of 73218630 and 240.
30
Calculate the highest common divisor of 155136023 and 12775.
511
Calculate the greatest common factor of 484 and 560230.
242
Calculate the greatest common factor of 2220 and 14356185.
555
What is the highest common divisor of 455 and 414245?
65
Calculate the greatest common factor of 2861543 and 148.
37
Calculate the highest common divisor of 244122812 and 232.
116
What is the highest common divisor of 597 and 37473?
3
What is the highest common factor of 202032 and 810?
18
What is the highest common factor of 92 and 310084?
4
Calculate the greatest common divisor of 84840 and 5126255.
505
What is the greatest common factor of 12 and 10474878?
6
What is the greatest common divisor of 378276 and 9319938?
6522
What is the highest common divisor of 336 and 26466384?
336
Calculate the highest common divisor of 32 and 5776748.
4
What is the highest common factor of 997757 and 10059?
479
Calculate the greatest common divisor of 2088 and 276818601.
87
What is the highest common divisor of 18528 and 326193546?
1158
What is the greatest common factor of 1936 and 17077456?
1936
What is the greatest common divisor of 1977573 and 273?
39
What is the greatest common factor of 182 and 11858294?
14
Calculate the highest common divisor of 939690 and 881378.
394
What is the highest common factor of 1474 and 6258391744?
1474
Calculate the highest common divisor of 14840 and 10609116.
1484
What is the greatest common factor of 387 and 1509462?
9
What is the highest common divisor of 5594358 and 151998?
462
Calculate the greatest common factor of 3642336 and 576.
288
Calculate the greatest common divisor of 2767 and 25.
1
Calculate the greatest common factor of 2125 and 1186107.
17
What is the highest common factor of 1155031873 and 113?
113
What is the highest common divisor of 12627733 and 139?
139
Calculate the highest common divisor of 950609 and 3286835.
971
What is the greatest common divisor of 12073446 and 2232?
558
Calculate the greatest common factor of 60 and 1837284.
12
What is the greatest common divisor of 8961 and 4316244?
87
Calculate the highest common divisor of 88489 and 9157167.
107
What is the greatest common divisor of 1171296 and 333648?
1008
Calculate the highest common divisor of 187875 and 712255.
835
What is the greatest common divisor of 5425060208 and 16816?
16816
Calculate the highest common divisor of 1141418 and 20291.
197
What is the highest common factor of 12932917 and 10209?
41
What is the highest common divisor of 227239 and 44914?
17
Calculate the highest common factor of 244810 and 31040.
10
What is the greatest common factor of 2351160 and 81?
27
What is the highest common divisor of 170053 and 1168908?
1651
Calculate the greatest common factor of 139153 and 1277467.
193
What is the greatest common divisor of 532 and 30756250?
266
What is the greatest common factor of 4534 and 4957929?
2267
What is the greatest common divisor of 531235 and 17195?
905
What i